{"id":3,"date":"2024-02-26T09:41:24","date_gmt":"2024-02-26T14:41:24","guid":{"rendered":"https:\/\/click2action.com.co\/sasa\/?page_id=3"},"modified":"2025-01-27T14:25:03","modified_gmt":"2025-01-27T19:25:03","slug":"politica-privacidad","status":"publish","type":"page","link":"https:\/\/sasaconsultoria.com\/index.php\/politica-privacidad\/","title":{"rendered":"Pol\u00edtica de privacidad"},"content":{"rendered":"\t\t<div data-elementor-type=\"wp-page\" data-elementor-id=\"3\" class=\"elementor elementor-3\" data-elementor-settings=\"{&quot;ha_cmc_init_switcher&quot;:&quot;no&quot;}\" data-elementor-post-type=\"page\">\n\t\t\t\t\t\t<section class=\"elementor-section elementor-top-section elementor-element elementor-element-236a062c elementor-section-boxed elementor-section-height-default elementor-section-height-default\" data-id=\"236a062c\" data-element_type=\"section\" data-e-type=\"section\" data-settings=\"{&quot;_ha_eqh_enable&quot;:false}\">\n\t\t\t\t\t\t<div class=\"elementor-container elementor-column-gap-default\">\n\t\t\t\t\t<div class=\"elementor-column elementor-col-100 elementor-top-column elementor-element elementor-element-7cfc1b5d\" data-id=\"7cfc1b5d\" data-element_type=\"column\" data-e-type=\"column\">\n\t\t\t<div class=\"elementor-widget-wrap elementor-element-populated\">\n\t\t\t\t\t\t<div class=\"elementor-element elementor-element-0809ac4 elementor-widget elementor-widget-image\" data-id=\"0809ac4\" data-element_type=\"widget\" data-e-type=\"widget\" data-widget_type=\"image.default\">\n\t\t\t\t<div class=\"elementor-widget-container\">\n\t\t\t\t\t\t\t\t\t\t\t\t\t\t\t<img fetchpriority=\"high\" decoding=\"async\" width=\"1536\" height=\"353\" src=\"https:\/\/sasaconsultoria.com\/wp-content\/uploads\/2025\/01\/solucciones-1-1-1536x353.jpg\" class=\"attachment-1536x1536 size-1536x1536 wp-image-2862\" alt=\"\" srcset=\"https:\/\/sasaconsultoria.com\/wp-content\/uploads\/2025\/01\/solucciones-1-1-1536x353.jpg 1536w, https:\/\/sasaconsultoria.com\/wp-content\/uploads\/2025\/01\/solucciones-1-1-300x69.jpg 300w, https:\/\/sasaconsultoria.com\/wp-content\/uploads\/2025\/01\/solucciones-1-1-1024x235.jpg 1024w, https:\/\/sasaconsultoria.com\/wp-content\/uploads\/2025\/01\/solucciones-1-1-768x176.jpg 768w, https:\/\/sasaconsultoria.com\/wp-content\/uploads\/2025\/01\/solucciones-1-1.jpg 2048w\" sizes=\"(max-width: 1536px) 100vw, 1536px\" \/>\t\t\t\t\t\t\t\t\t\t\t\t\t\t\t<\/div>\n\t\t\t\t<\/div>\n\t\t\t\t<div class=\"elementor-element elementor-element-5401e77 elementor-widget elementor-widget-heading\" data-id=\"5401e77\" data-element_type=\"widget\" data-e-type=\"widget\" data-widget_type=\"heading.default\">\n\t\t\t\t<div class=\"elementor-widget-container\">\n\t\t\t\t\t<h2 class=\"elementor-heading-title elementor-size-default\">Pol\u00edtica de protecci\u00f3n de datos personales\n<\/h2>\t\t\t\t<\/div>\n\t\t\t\t<\/div>\n\t\t\t\t\t<\/div>\n\t\t<\/div>\n\t\t\t\t\t<\/div>\n\t\t<\/section>\n\t\t\t\t<section class=\"elementor-section elementor-top-section elementor-element elementor-element-b0ee24b elementor-section-boxed elementor-section-height-default elementor-section-height-default\" data-id=\"b0ee24b\" data-element_type=\"section\" data-e-type=\"section\" data-settings=\"{&quot;_ha_eqh_enable&quot;:false}\">\n\t\t\t\t\t\t<div class=\"elementor-container elementor-column-gap-default\">\n\t\t\t\t\t<div class=\"elementor-column elementor-col-50 elementor-top-column elementor-element elementor-element-fabe07d\" data-id=\"fabe07d\" data-element_type=\"column\" data-e-type=\"column\">\n\t\t\t<div class=\"elementor-widget-wrap elementor-element-populated\">\n\t\t\t\t\t\t<div class=\"elementor-element elementor-element-b64ec27 elementor-widget elementor-widget-text-editor\" data-id=\"b64ec27\" data-element_type=\"widget\" data-e-type=\"widget\" data-widget_type=\"text-editor.default\">\n\t\t\t\t<div class=\"elementor-widget-container\">\n\t\t\t\t\t\t\t\t\t<p>Los datos personales en custodia de <strong>SASA CONSULTORIA.COM S.A.S<\/strong>., en su condici\u00f3n de responsable y\/o encargado seg\u00fan el caso, ser\u00e1n tratados cumpliendo los principios y regulaciones previstas en las leyes colombianas, la legislaci\u00f3n nacional existente en la materia aplicable a las sociedades vinculadas ubicadas fuera de Colombia y las buenas pr\u00e1cticas relativas al r\u00e9gimen de protecci\u00f3n de datos personales.<\/p>\n<p>Los datos personales en poder de <strong>SASA CONSULTORIA.COM S.A.S.,<\/strong> ser\u00e1n tratados conforme las siguientes finalidades de car\u00e1cter general:<\/p>\n<ul>\n<li>Para el cumplimiento de las obligaciones y\/o compromisos derivados de las relaciones, contractuales o no, existentes con sus grupos de inter\u00e9s.<\/li>\n<li>Para el cumplimiento de las obligaciones legales que involucren datos personales de sus grupos de inter\u00e9s.<\/li>\n<li>Para la gesti\u00f3n comercial y relacionamiento con sus grupos de inter\u00e9s<\/li>\n<li>Para el an\u00e1lisis prospectivo sobre tendencias y preferencias de sus grupos de inter\u00e9s en relaci\u00f3n con sus bienes y\/o servicios<\/li>\n<li>Para conocer de manera prospectiva las necesidades de sus grupos de inter\u00e9s con el fin de innovar y satisfacer estas.<\/li>\n<li>Para comunicar a sus grupos de inter\u00e9s informaci\u00f3n sobre sus bienes, servicios, publicaciones, eventos de capacitaci\u00f3n, actividades empresariales y publicidad asociada a su actividad empresarial, tr\u00e1tese de bienes y\/o servicios<\/li>\n<li>Para desplegar hacia sus grupos de inter\u00e9s actividades de responsabilidad social empresarial. En cada proceso empresarial, acorde con los datos personales recolectados y tratamiento a realizar, en el respectivo aviso de privacidad se informar\u00e1n de forma previa las finalidades particulares de tales tratamientos, sin perjuicio de los tratamientos autorizados por la ley.<\/li>\n<\/ul>\t\t\t\t\t\t\t\t<\/div>\n\t\t\t\t<\/div>\n\t\t\t\t\t<\/div>\n\t\t<\/div>\n\t\t\t\t<div class=\"elementor-column elementor-col-50 elementor-top-column elementor-element elementor-element-259398b\" data-id=\"259398b\" data-element_type=\"column\" data-e-type=\"column\">\n\t\t\t<div class=\"elementor-widget-wrap elementor-element-populated\">\n\t\t\t\t\t\t<div class=\"elementor-element elementor-element-485fdc8 elementor-widget elementor-widget-text-editor\" data-id=\"485fdc8\" data-element_type=\"widget\" data-e-type=\"widget\" data-widget_type=\"text-editor.default\">\n\t\t\t\t<div class=\"elementor-widget-container\">\n\t\t\t\t\t\t\t\t\t<p>Cualquier persona en su condici\u00f3n de titular o leg\u00edtimamente autorizado, en relaci\u00f3n con el tratamiento de sus datos personales, tiene derecho a:<\/p>\n<ul>\n<li>Ejercer su derecho de habeas data consistente en conocer, actualizar, rectificar, oponerse y cancelar las informaciones recogidas de ellas, en aquellos casos en que proceda.<\/li>\n<li>Evidenciar la existencia del consentimiento otorgado \u2013 Ejercer las acciones que la ley reconoce en materia de protecci\u00f3n de datos personales y habeas data.<\/li>\n<\/ul>\n<p>Para el ejercicio del habeas data, el titular del dato personal o quien demuestre un leg\u00edtimo inter\u00e9s conforme lo se\u00f1alado en la normatividad vigente, podr\u00e1 hacerlo contactando a <strong>SASA CONSULTORIA.COM S.A.S.,<\/strong> a trav\u00e9s del correo electr\u00f3nico info@sasaconsultoria.com o dirigiendo una comunicaci\u00f3n a la siguiente direcci\u00f3n f\u00edsica: <strong>Carrera 48 No 10 \u2013 45 Oficina 807 Especial Coworking Centro Comercial Monterrey\u00a0Medell\u00edn<\/strong>. Quien ejerza el habeas data deber\u00e1 suministrar con precisi\u00f3n los datos de contacto solicitados para efecto de tramitar y atender su solicitud y desplegar las cargas para el ejercicio de sus derechos.<\/p>\n<p>Recibida la solicitud de ejercicio de Habeas Data, <strong>SASA<\/strong> <strong>CONSULTORIA.COM S.A.S.<\/strong> dar\u00e1 respuesta en los t\u00e9rminos previstos en la ley., previa comunicaci\u00f3n a quien ha ejercido este derecho.<\/p>\n<p>El tratamiento de los datos personales que realiza<strong> SASA CONSULTORIA.COM S.A.S<\/strong> conforme esta pol\u00edtica, se har\u00e1 con base a la normatividad adoptada relativa al cumplimiento de la legislaci\u00f3n aplicable a la protecci\u00f3n de informaci\u00f3n personal.<\/p>\t\t\t\t\t\t\t\t<\/div>\n\t\t\t\t<\/div>\n\t\t\t\t<div class=\"elementor-element elementor-element-ca3508b elementor-align-center elementor-widget elementor-widget-button\" data-id=\"ca3508b\" data-element_type=\"widget\" data-e-type=\"widget\" data-widget_type=\"button.default\">\n\t\t\t\t<div class=\"elementor-widget-container\">\n\t\t\t\t\t\t\t\t\t<div class=\"elementor-button-wrapper\">\n\t\t\t\t\t<a class=\"elementor-button elementor-button-link elementor-size-sm\" href=\"https:\/\/sasaconsultoria.com\/index.php\/contactanos\/\">\n\t\t\t\t\t\t<span class=\"elementor-button-content-wrapper\">\n\t\t\t\t\t\t\t\t\t<span class=\"elementor-button-text\">Cont\u00e1ctanos<\/span>\n\t\t\t\t\t<\/span>\n\t\t\t\t\t<\/a>\n\t\t\t\t<\/div>\n\t\t\t\t\t\t\t\t<\/div>\n\t\t\t\t<\/div>\n\t\t\t\t\t<\/div>\n\t\t<\/div>\n\t\t\t\t\t<\/div>\n\t\t<\/section>\n\t\t\t\t<\/div>\n\t\t","protected":false},"excerpt":{"rendered":"<p>Pol\u00edtica de protecci\u00f3n de datos personales Los datos personales en custodia de SASA CONSULTORIA.COM S.A.S., en su condici\u00f3n de responsable y\/o encargado seg\u00fan el caso, ser\u00e1n tratados cumpliendo los principios y regulaciones previstas en las leyes colombianas, la legislaci\u00f3n nacional existente en la materia aplicable a las sociedades vinculadas ubicadas fuera de Colombia y las [&hellip;]<\/p>\n","protected":false},"author":3,"featured_media":0,"parent":0,"menu_order":0,"comment_status":"closed","ping_status":"open","template":"","meta":{"footnotes":""},"class_list":["post-3","page","type-page","status-publish","hentry"],"_links":{"self":[{"href":"https:\/\/sasaconsultoria.com\/index.php\/wp-json\/wp\/v2\/pages\/3","targetHints":{"allow":["GET"]}}],"collection":[{"href":"https:\/\/sasaconsultoria.com\/index.php\/wp-json\/wp\/v2\/pages"}],"about":[{"href":"https:\/\/sasaconsultoria.com\/index.php\/wp-json\/wp\/v2\/types\/page"}],"author":[{"embeddable":true,"href":"https:\/\/sasaconsultoria.com\/index.php\/wp-json\/wp\/v2\/users\/3"}],"replies":[{"embeddable":true,"href":"https:\/\/sasaconsultoria.com\/index.php\/wp-json\/wp\/v2\/comments?post=3"}],"version-history":[{"count":30,"href":"https:\/\/sasaconsultoria.com\/index.php\/wp-json\/wp\/v2\/pages\/3\/revisions"}],"predecessor-version":[{"id":2865,"href":"https:\/\/sasaconsultoria.com\/index.php\/wp-json\/wp\/v2\/pages\/3\/revisions\/2865"}],"wp:attachment":[{"href":"https:\/\/sasaconsultoria.com\/index.php\/wp-json\/wp\/v2\/media?parent=3"}],"curies":[{"name":"wp","href":"https:\/\/api.w.org\/{rel}","templated":true}]}}